{"id":300,"date":"2025-03-01T13:18:00","date_gmt":"2025-03-01T13:18:00","guid":{"rendered":"https:\/\/viajerosconalma.com\/?page_id=300"},"modified":"2025-04-14T19:42:11","modified_gmt":"2025-04-14T19:42:11","slug":"castilla-y-leon","status":"publish","type":"page","link":"https:\/\/viajerosconalma.com\/?page_id=300","title":{"rendered":"Castilla y Le\u00f3n"},"content":{"rendered":"\t\t<div data-elementor-type=\"wp-page\" data-elementor-id=\"300\" class=\"elementor elementor-300\">\n\t\t\t\t<div class=\"elementor-element elementor-element-8761088 e-flex e-con-boxed e-con e-parent\" data-id=\"8761088\" data-element_type=\"container\" data-e-type=\"container\">\n\t\t\t\t\t<div class=\"e-con-inner\">\n\t\t\t\t<div class=\"elementor-element elementor-element-f0416c3 elementor-widget elementor-widget-penci-big-grid\" data-id=\"f0416c3\" data-element_type=\"widget\" data-e-type=\"widget\" data-widget_type=\"penci-big-grid.default\">\n\t\t\t\t<div class=\"elementor-widget-container\">\n\t\t\t\t\t        <div class=\"penci-clearfix penci-biggrid-wrapper penci-grid-col-3 penci-grid-mcol-1 penci-bgrid-based-post penci-bgrid-style-1 pcbg-ficonpo-top-right pcbg-reiconpo-top-left penci-bgrid-content-on pencibg-imageh-zoom-in pencibg-texth-none pencibg-textani-movetop textop\">\n\t\t\t    <div class=\"penci-border-arrow penci-homepage-title penci-home-latest-posts style-4 pcalign-center pciconp-right pcicon-right block-title-icon-left\">\n        <h3 class=\"inner-arrow\">\n        <span>\n                    <span>Destinos en Castilla y Le\u00f3n<\/a>                <\/span>\n        <\/h3>\n\t\t        <\/div>\n\t\t            <div class=\"penci-clearfix penci-biggrid penci-bgstyle-1 penci-bgel\">\n                <div class=\"penci-biggrid-inner default\">\n\t\t\t\t\t<div class=\"penci-clearfix penci-biggrid-data penci-dflex\"><div class=\"penci-bgitem\">\n    <div class=\"penci-bgitin\">\n        <div class=\"penci-bgmain\">\n            <div class=\"pcbg-thumb\">\n\t\t\t\t\t\t\t\t                <div class=\"pcbg-thumbin\">\n                    <a class=\"pcbg-bgoverlay\"\n                       href=\"https:\/\/viajerosconalma.com\/?p=120\" title=\"El Bierzo y Ponferrada\"><\/a>\n\n                        <div  data-bgset=\"https:\/\/viajerosconalma.com\/wp-content\/uploads\/2025\/02\/aldara-gutierrez-pol-CPfn4TRgvwg-unsplash-585x909.jpg\" data_bg_hidpi=\"https:\/\/viajerosconalma.com\/wp-content\/uploads\/2025\/02\/aldara-gutierrez-pol-CPfn4TRgvwg-unsplash-585x909.jpg\" class=\"penci-lazy penci-image-holder\">\n                                                    <\/div>\n\n                <\/div>\n            <\/div>\n            <div class=\"pcbg-content\">\n                <div class=\"pcbg-content-flex\">\n                    <a class=\"pcbg-bgoverlay active-overlay\"\n                       href=\"https:\/\/viajerosconalma.com\/?p=120\" title=\"El Bierzo y Ponferrada\"><\/a>\n                    <div class=\"pcbg-content-inner bgcontent-block\">\n                        <a href=\"https:\/\/viajerosconalma.com\/?p=120\" title=\"El Bierzo y Ponferrada\"\n                           class=\"pcbg-bgoverlaytext item-hover\"><\/a>\n\n\t\t\t\t\t\t\n\t\t\t\t\t\t                            <div class=\"pcbg-heading item-hover\">\n                                <h3 class=\"pcbg-title\">\n                                    <a href=\"https:\/\/viajerosconalma.com\/?p=120\">\n\t\t\t\t\t\t\t\t\t\tEl Bierzo y Ponferrada                                    <\/a>\n                                <\/h3>\n                            <\/div>\n\t\t\t\t\t\t\n\t\t\t\t\t\t\n\t\t\t\t\t\t                    <\/div>\n                <\/div>\n            <\/div>\n        <\/div>\n    <\/div>\n<\/div>\n<\/div>                <\/div>\n\t\t\t\t            <\/div>\n        <\/div>\n\t\t\t\t\t\t<\/div>\n\t\t\t\t<\/div>\n\t\t\t\t\t<\/div>\n\t\t\t\t<\/div>\n\t\t\t\t<\/div>\n\t\t","protected":false},"excerpt":{"rendered":"<p>Destinos en Castilla y Le\u00f3n El Bierzo y Ponferrada<\/p>\n","protected":false},"author":1,"featured_media":100,"parent":0,"menu_order":0,"comment_status":"closed","ping_status":"closed","template":"","meta":{"content-type":"","_lmt_disableupdate":"","_lmt_disable":"","footnotes":""},"class_list":["post-300","page","type-page","status-publish","has-post-thumbnail","hentry"],"yoast_head":"<!-- This site is optimized with the Yoast SEO plugin v27.4 - https:\/\/yoast.com\/product\/yoast-seo-wordpress\/ -->\n<title>Castilla y Le\u00f3n - Viajeros con Alma<\/title>\n<meta name=\"description\" content=\"Descubre con nosotros los mejores destinos de Castilla y Le\u00f3n (Espa\u00f1a). Te aconsejamos qu\u00e9 ver y d\u00f3nde comer.\" \/>\n<meta name=\"robots\" content=\"index, follow, max-snippet:-1, max-image-preview:large, max-video-preview:-1\" \/>\n<link rel=\"canonical\" href=\"https:\/\/viajerosconalma.com\/?page_id=300\" \/>\n<meta property=\"og:locale\" content=\"es_ES\" \/>\n<meta property=\"og:type\" content=\"article\" \/>\n<meta property=\"og:title\" content=\"Castilla y Le\u00f3n - Viajeros con Alma\" \/>\n<meta property=\"og:description\" content=\"Descubre con nosotros los mejores destinos de Castilla y Le\u00f3n (Espa\u00f1a). Te aconsejamos qu\u00e9 ver y d\u00f3nde comer.\" \/>\n<meta property=\"og:url\" content=\"https:\/\/viajerosconalma.com\/?page_id=300\" \/>\n<meta property=\"og:site_name\" content=\"Viajeros con Alma\" \/>\n<meta property=\"article:modified_time\" content=\"2025-04-14T19:42:11+00:00\" \/>\n<meta name=\"twitter:card\" content=\"summary_large_image\" \/>\n<meta name=\"twitter:label1\" content=\"Tiempo de lectura\" \/>\n\t<meta name=\"twitter:data1\" content=\"1 minuto\" \/>\n<script type=\"application\/ld+json\" class=\"yoast-schema-graph\">{\"@context\":\"https:\\\/\\\/schema.org\",\"@graph\":[{\"@type\":\"WebPage\",\"@id\":\"https:\\\/\\\/viajerosconalma.com\\\/?page_id=300\",\"url\":\"https:\\\/\\\/viajerosconalma.com\\\/?page_id=300\",\"name\":\"Castilla y Le\u00f3n - Viajeros con Alma\",\"isPartOf\":{\"@id\":\"https:\\\/\\\/viajerosconalma.com\\\/#website\"},\"primaryImageOfPage\":{\"@id\":\"https:\\\/\\\/viajerosconalma.com\\\/?page_id=300#primaryimage\"},\"image\":{\"@id\":\"https:\\\/\\\/viajerosconalma.com\\\/?page_id=300#primaryimage\"},\"thumbnailUrl\":\"https:\\\/\\\/viajerosconalma.com\\\/wp-content\\\/uploads\\\/2025\\\/02\\\/logo_viajeros_con_alma_cuadrado.png\",\"datePublished\":\"2025-03-01T13:18:00+00:00\",\"dateModified\":\"2025-04-14T19:42:11+00:00\",\"description\":\"Descubre con nosotros los mejores destinos de Castilla y Le\u00f3n (Espa\u00f1a). Te aconsejamos qu\u00e9 ver y d\u00f3nde comer.\",\"breadcrumb\":{\"@id\":\"https:\\\/\\\/viajerosconalma.com\\\/?page_id=300#breadcrumb\"},\"inLanguage\":\"es\",\"potentialAction\":[{\"@type\":\"ReadAction\",\"target\":[\"https:\\\/\\\/viajerosconalma.com\\\/?page_id=300\"]}]},{\"@type\":\"ImageObject\",\"inLanguage\":\"es\",\"@id\":\"https:\\\/\\\/viajerosconalma.com\\\/?page_id=300#primaryimage\",\"url\":\"https:\\\/\\\/viajerosconalma.com\\\/wp-content\\\/uploads\\\/2025\\\/02\\\/logo_viajeros_con_alma_cuadrado.png\",\"contentUrl\":\"https:\\\/\\\/viajerosconalma.com\\\/wp-content\\\/uploads\\\/2025\\\/02\\\/logo_viajeros_con_alma_cuadrado.png\",\"width\":542,\"height\":542},{\"@type\":\"BreadcrumbList\",\"@id\":\"https:\\\/\\\/viajerosconalma.com\\\/?page_id=300#breadcrumb\",\"itemListElement\":[{\"@type\":\"ListItem\",\"position\":1,\"name\":\"Portada\",\"item\":\"https:\\\/\\\/viajerosconalma.com\\\/\"},{\"@type\":\"ListItem\",\"position\":2,\"name\":\"Castilla y Le\u00f3n\"}]},{\"@type\":\"WebSite\",\"@id\":\"https:\\\/\\\/viajerosconalma.com\\\/#website\",\"url\":\"https:\\\/\\\/viajerosconalma.com\\\/\",\"name\":\"Viajeros con Alma\",\"description\":\"Todos los consejos para tu viaje\",\"potentialAction\":[{\"@type\":\"SearchAction\",\"target\":{\"@type\":\"EntryPoint\",\"urlTemplate\":\"https:\\\/\\\/viajerosconalma.com\\\/?s={search_term_string}\"},\"query-input\":{\"@type\":\"PropertyValueSpecification\",\"valueRequired\":true,\"valueName\":\"search_term_string\"}}],\"inLanguage\":\"es\"}]}<\/script>\n<!-- \/ Yoast SEO plugin. -->","yoast_head_json":{"title":"Castilla y Le\u00f3n - Viajeros con Alma","description":"Descubre con nosotros los mejores destinos de Castilla y Le\u00f3n (Espa\u00f1a). Te aconsejamos qu\u00e9 ver y d\u00f3nde comer.","robots":{"index":"index","follow":"follow","max-snippet":"max-snippet:-1","max-image-preview":"max-image-preview:large","max-video-preview":"max-video-preview:-1"},"canonical":"https:\/\/viajerosconalma.com\/?page_id=300","og_locale":"es_ES","og_type":"article","og_title":"Castilla y Le\u00f3n - Viajeros con Alma","og_description":"Descubre con nosotros los mejores destinos de Castilla y Le\u00f3n (Espa\u00f1a). Te aconsejamos qu\u00e9 ver y d\u00f3nde comer.","og_url":"https:\/\/viajerosconalma.com\/?page_id=300","og_site_name":"Viajeros con Alma","article_modified_time":"2025-04-14T19:42:11+00:00","twitter_card":"summary_large_image","twitter_misc":{"Tiempo de lectura":"1 minuto"},"schema":{"@context":"https:\/\/schema.org","@graph":[{"@type":"WebPage","@id":"https:\/\/viajerosconalma.com\/?page_id=300","url":"https:\/\/viajerosconalma.com\/?page_id=300","name":"Castilla y Le\u00f3n - Viajeros con Alma","isPartOf":{"@id":"https:\/\/viajerosconalma.com\/#website"},"primaryImageOfPage":{"@id":"https:\/\/viajerosconalma.com\/?page_id=300#primaryimage"},"image":{"@id":"https:\/\/viajerosconalma.com\/?page_id=300#primaryimage"},"thumbnailUrl":"https:\/\/viajerosconalma.com\/wp-content\/uploads\/2025\/02\/logo_viajeros_con_alma_cuadrado.png","datePublished":"2025-03-01T13:18:00+00:00","dateModified":"2025-04-14T19:42:11+00:00","description":"Descubre con nosotros los mejores destinos de Castilla y Le\u00f3n (Espa\u00f1a). Te aconsejamos qu\u00e9 ver y d\u00f3nde comer.","breadcrumb":{"@id":"https:\/\/viajerosconalma.com\/?page_id=300#breadcrumb"},"inLanguage":"es","potentialAction":[{"@type":"ReadAction","target":["https:\/\/viajerosconalma.com\/?page_id=300"]}]},{"@type":"ImageObject","inLanguage":"es","@id":"https:\/\/viajerosconalma.com\/?page_id=300#primaryimage","url":"https:\/\/viajerosconalma.com\/wp-content\/uploads\/2025\/02\/logo_viajeros_con_alma_cuadrado.png","contentUrl":"https:\/\/viajerosconalma.com\/wp-content\/uploads\/2025\/02\/logo_viajeros_con_alma_cuadrado.png","width":542,"height":542},{"@type":"BreadcrumbList","@id":"https:\/\/viajerosconalma.com\/?page_id=300#breadcrumb","itemListElement":[{"@type":"ListItem","position":1,"name":"Portada","item":"https:\/\/viajerosconalma.com\/"},{"@type":"ListItem","position":2,"name":"Castilla y Le\u00f3n"}]},{"@type":"WebSite","@id":"https:\/\/viajerosconalma.com\/#website","url":"https:\/\/viajerosconalma.com\/","name":"Viajeros con Alma","description":"Todos los consejos para tu viaje","potentialAction":[{"@type":"SearchAction","target":{"@type":"EntryPoint","urlTemplate":"https:\/\/viajerosconalma.com\/?s={search_term_string}"},"query-input":{"@type":"PropertyValueSpecification","valueRequired":true,"valueName":"search_term_string"}}],"inLanguage":"es"}]}},"_links":{"self":[{"href":"https:\/\/viajerosconalma.com\/index.php?rest_route=\/wp\/v2\/pages\/300","targetHints":{"allow":["GET"]}}],"collection":[{"href":"https:\/\/viajerosconalma.com\/index.php?rest_route=\/wp\/v2\/pages"}],"about":[{"href":"https:\/\/viajerosconalma.com\/index.php?rest_route=\/wp\/v2\/types\/page"}],"author":[{"embeddable":true,"href":"https:\/\/viajerosconalma.com\/index.php?rest_route=\/wp\/v2\/users\/1"}],"replies":[{"embeddable":true,"href":"https:\/\/viajerosconalma.com\/index.php?rest_route=%2Fwp%2Fv2%2Fcomments&post=300"}],"version-history":[{"count":19,"href":"https:\/\/viajerosconalma.com\/index.php?rest_route=\/wp\/v2\/pages\/300\/revisions"}],"predecessor-version":[{"id":438,"href":"https:\/\/viajerosconalma.com\/index.php?rest_route=\/wp\/v2\/pages\/300\/revisions\/438"}],"wp:featuredmedia":[{"embeddable":true,"href":"https:\/\/viajerosconalma.com\/index.php?rest_route=\/wp\/v2\/media\/100"}],"wp:attachment":[{"href":"https:\/\/viajerosconalma.com\/index.php?rest_route=%2Fwp%2Fv2%2Fmedia&parent=300"}],"curies":[{"name":"wp","href":"https:\/\/api.w.org\/{rel}","templated":true}]}}